0.
40
Let z be (-3)/(-12) + 111/4. Suppose -3*a + z = a. Let m be (-2)/a + (-156)/(-7). What is the highest common divisor of 33 and m?
11
Suppose 0 = -2*r - r + 9. Suppose -5*p - 70 = -2*t, 0 = t - 2*p + r*p - 21. Let l = t - -30. Calculate the greatest common factor of 11 and l.
11
Let b = 5 - 3. Let r(f) = f + 5. Let h be r(-4). Let z be 3 + -3 + h*2. What is the greatest common divisor of z and b?
2
Let w = 3 - 2. Let j be -1 + w + 0 + 2. Suppose -11 = j*g + 5*p, 0*g - 7 = -2*g + p. What is the greatest common factor of g and 22?
2
Let u(k) = k**3 + 6*k**2 - 11*k - 6. Let a be u(-7). Let y(h) = 12*h - 5. Let j be y(5). Calculate the greatest common divisor of j and a.
11
Suppose j - 5 = 3. Let s = -59 + 83. Calculate the greatest common factor of j and s.
8
Let p = -234 - -350. Calculate the highest common factor of p and 29.
29
Suppose -q - 4*q + 1045 = 0. Suppose 10*k = 8*k + 38. Calculate the highest common factor of q and k.
19
Suppose 13 = r - 52. Suppose y + r = 6*y. What is the greatest common divisor of y and 13?
13
Let d(x) be the first derivative of 2*x + 1/3*x**3 - 2*x**2 + 3. Let v be d(4). Calculate the highest common factor of 4 and v.
2
Suppose z = -4*z + 220. Let v(c) = 2*c**3 - 19*c**2 - 10*c + 11. Let l be v(10). What is the greatest common factor of l and z?
11
Let v be 704/14 + (-4)/14. Calculate the greatest common factor of v and 10.
10
Let m = 141 + -138. Let t be 46/3 + 2/(-6). What is the greatest common divisor of t and m?
3
Suppose -5*j + 4*u = u - 30, 0 = -j - u + 14. Let m = 7 - 13. Let c be (m/10)/(1/(-5)). What is the greatest common factor of c and j?
3
Let b = 46 - -31. Let c(h) = -h**2 - 9*h - 1. Let s be c(-8). Calculate the greatest common divisor of s and b.
7
Let v be (-1677)/(-52) + (2 - (-27)/(-12)). What is the greatest common factor of v and 4?
4
Let n be 0/((0 - -1)/(-1)). Suppose -2*a + 3*j + n*j - 43 = 0, a + 24 = 4*j. Let u = -13 - a. What is the highest common factor of u and 7?
7
Let w be ((-10)/(-6) + 1)/(4/198). Suppose -u + 13 = 1. Calculate the highest common divisor of u and w.
12
Let t(n) = -n**3 + 3*n**2 + 2*n + 3. Let g be t(4). Let y be 1 - g - 0/1. Suppose 7*b - 45 = 2*b. What is the highest common factor of y and b?
3
Let u(q) = -9*q. Let s be u(-18). What is the highest common factor of 18 and s?
18
Let d = 23 - 33. Let r(s) = -4*s**2 - 8*s - 4. Let u be r(-2). Let z = u - d. Calculate the highest common factor of z and 9.
3
Let x be -5*6/(-75) + 188/5. What is the greatest common divisor of 95 and x?
19
Suppose 0*q = 2*q - 12. Calculate the greatest common factor of 48 and q.
6
Let s be 14/3 + 16/(-24). Suppose -s*g - g = -60. What is the greatest common divisor of g and 12?
12
Suppose -y + n = -3*n - 17, -n = y - 7. Suppose -4*r + 413 = -451. Suppose -r = -0*g - 3*g. What is the greatest common factor of g and y?
9
Let z = 0 + 2. Suppose 0 = -3*o + l - 4*l + 18, -z*l + 11 = o. Let j be (-62)/(-6) + o/(-3). What is the highest common factor of j and 20?
10
Let t = -13 - -17. Let v be ((-4)/8)/((-2)/t). Calculate the greatest common divisor of 4 and v.
1
Let b = 9 - 4. Calculate the greatest common factor of 45 and b.
5
Let b = 20 - 32. Let s be (b/(-9))/((-2)/(-21)). Let z be (216/21)/(3/s). What is the highest common factor of z and 12?
12
Suppose 3*z + 32 = 5*z. Let n = z - 10. Let w be (-1)/n + (-268)/(-24). What is the greatest common factor of 44 and w?
11
Let g be 9 + 0/((-6)/2). Let l be ((-12)/g)/((-3)/72). Let j be l/2 - (-2)/1. What is the highest common divisor of j and 2?
2
Suppose 0 = 5*t - 369 - 126. What is the highest common divisor of t and 11?
11
Suppose 5*x = 4*x. Suppose 3*b - 2*b - 40 = x. What is the highest common divisor of b and 10?
10
Let q = -7 - -12. Let x = 26 - 21. What is the highest common divisor of x and q?
5
Suppose -t + 0 = 4*i + 12, -4 = i. Suppose -4*b = 4*m - 348, t*m + m = 5*b - 465. Calculate the highest common factor of b and 10.
10
Let x(a) = 2*a - 4. Let r be x(25). What is the highest common factor of r and 23?
23
Suppose 22*a = 26*a - 116. Let x(r) = 50*r**2 - r + 1. Let d be x(-2). Calculate the greatest common factor of d and a.
29
Let z be (-7)/((-21)/12) - -6. What is the highest common divisor of 2 and z?
2
Let b(r) = 2*r - 14. Let y be b(10). Calculate the greatest common factor of y and 3.
3
Suppose -22*x = -33*x + 880. What is the highest common divisor of x and 10?
10
Let s = -15 + 92. Let o = 40 + -29. Calculate the greatest common factor of s and o.
11
Let z be ((-44)/77)/(4/(-42)). What is the greatest common divisor of 48 and z?
6
Let d be 11/(11/12) - (3 + 1). Calculate the greatest common factor of d and 28.
4
Suppose -f = -4*j + 180, 106 = 2*j + 4*f + 16. Calculate the highest common factor of j and 15.
15
Let x = -4 - -8. Suppose -c - 3*r = r - 25, -x*r - 100 = -4*c. Suppose 0*a + 2*a = 10. What is the highest common factor of c and a?
5
Let y = 131 + -111. What is the highest common divisor of y and 12?
4
Suppose 5*j - 5*z + 25 = 0, 2*j - 3*z = -3*j - 21. Let f be j/(-6)*(-24)/(-2). Calculate the highest common factor of f and 4.
2
Suppose -s = -4*g + 413, -3*g = s - 259 - 49. Let p = g - 49. Let j be 135/21 - ((-96)/(-28) - 3). What is the greatest common divisor of p and j?
6
Suppose -4*f + f = -3*w - 135, 2*f - 81 = -w. Suppose 2*x - x = f. Calculate the highest common factor of x and 6.
6
Let y(j) = -j**3 - j**2 - j + 3. Let z be y(0). Suppose 5 = -z*x + 4*x. What is the highest common factor of 2 and x?
1
Let h(o) = 5*o + 3. Let d be h(5). Let g = d - 15. Calculate the highest common factor of 143 and g.
13
Let y be 4/(-5)*405/(-18). Calculate the highest common divisor of y and 90.
18
Let c be 4/(-18) + 14179/99. Calculate the highest common factor of 13 and c.
13
Let y be -1*26 + -1 + 0. Let g = y - -49. Let i be (-11)/((-4)/(-6) + -1). What is the highest common factor of g and i?
11
Suppose -r = -2 - 1. Let z(p) = -p - 1. Let y be z(r). Let c be (-87)/(-12) - (-1)/y. What is the highest common divisor of 14 and c?
7
Let i(s) = 18*s**2 + 2*s - 1. Let p be i(1). Let f = 32 + -13. What is the greatest common factor of f and p?
19
Suppose -2*d = -31 - 47. Let o = d + 49. What is the greatest common factor of o and 11?
11
Let h(t) = -199*t**3 + 2*t + 1. Let x be h(-1). Calculate the highest common factor of 22 and x.
22
Suppose -l = -3*l + 2*w + 10, 0 = 5*l - 2*w - 25. Let b = -177 + 115. Let u = b - -102. Calculate the greatest common factor of l and u.
5
Let j = 7 + -4. Suppose -j*w - w - 7 = -3*b, -5*b + 1 = 4*w. Calculate the highest common factor of 4 and b.
1
Suppose -4*c + 583 - 199 = 0. Calculate the highest common factor of 12 and c.
12
Let j be (1 - -14*1) + 3. Suppose 3*r = 2*r + j. Calculate the greatest common factor of 18 and r.
18
Let f(s) be the first derivative of -8*s**2 - 3*s + 2*s + 113*s**2 - 2 + 0. Let q be f(1). What is the highest common divisor of q and 19?
19
Let q = 11 - 7. Let b be (q/4)/(1/3). Suppose 6*l - b*l = 9, 4*l = -3*c + 222. Calculate the greatest common divisor of c and 14.
14
Suppose -2*r = -2*q - 2, 4*q - 2*q = -5*r + 33. Let f be 492/r - 4/10. Let z = -9 - -23. Calculate the greatest common divisor of z and f.
14
Let r(j) = -2*j. Let g be r(-4). Suppose 9 = 3*z + 3. Suppose 0 = -z*v + 4*v - 16. Calculate the highest common divisor of v and g.
8
Suppose 136 = 2*h + 2*d, -3*h - 2*d + 150 = -50. What is the greatest common factor of h and 160?
32
Let i(w) = -w**2 + 13*w - 13. Let l be i(7). Calculate the greatest common divisor of l and 87.
29
Suppose -5*m + 720 = -m. What is the highest common factor of m and 20?
20
Let l be (20 - (-1)/(-1))/1. What is the highest common divisor of l and 152?
19
Let t be (-2 - -10)*(-3)/4. Let s = t - -14. Calculate the greatest common divisor of 12 and s.
4
Let z be (14/4)/7*4. Suppose 6 + 6 = 2*b. Let f be (4/b)/(1/15). What is the highest common divisor of f and z?
2
Let w be (3/2)/((-6)/(-16)). Let j(g) be the third derivative of -g**4/24 + g**3 + 10*g**2. Let p be j(2). Calculate the greatest common divisor of w and p.
4
Let r(c) = c**2 + c + 4. Let q be r(-3). Let a(f) = 79*f + 1. Let l be a(1). What is the greatest common divisor of l and q?
10
Suppose -s + 6*s - 3*n - 241 = 0, s = -3*n + 59. What is the greatest common divisor 